by 15?
13
Let u(d) = 16*d**2 + 2*d + 1. Let v(l) = -121*l - 127*l + 251*l. Calculate the remainder when u(2) is divided by v(4).
9
Suppose 0 = -l - 0*t + 4*t - 4, t - 1 = 3*l. Suppose l = -8*k + 9*k - 13. Let v(d) = d. Calculate the remainder when 74 is divided by v(k).
9
Suppose 10337 = 4*s + 5*h, 4*h + 26 = 30. What is the remainder when s is divided by 76?
75
Suppose 4*n = -888 + 1625 + 1387. Calculate the remainder when n is divided by 14.
13
Let q = 3 + 9. Suppose -5*d = 21*o - 25*o + 93, -2*o - 2*d + 60 = 0. What is the remainder when o is divided by q?
3
Let s(r) = -r**2 - 11*r - 20. Let i be s(-3). Let f(a) = 9*a - 13. What is the remainder when 91 is divided by f(i)?
22
Suppose 2*g + 5*u = -51, 5*u + 11 = -14. Let v(f) = -2*f**3 - 26*f**2 - 4*f + 7. Calculate the remainder when 294 is divided by v(g).
58
Let i = 16262 - 16198. What is the remainder when i is divided by (2/6)/((-1)/(-33))?
9
Let x = -43 - 62. Let o be ((-3)/2)/(x/(-24) - 4). What is the remainder when 48 is divided by (-3 - 10/o)*(-2 + -32)?
14
Suppose 20 = -7*q + 13. Calculate the remainder when 18 is divided by -2*(-4 - -6)*q.
2
Suppose 31*a + 360 = 3*k + 28*a, -2*k - a + 231 = 0. What is the remainder when k is divided by 40?
37
Suppose 0 = 2*d - 3*p + 42, -25 = -4*d + p - 129. Suppose 8 = -t + 56. Let n = d + t. Calculate the remainder when 102 is divided by n.
18
Let r(b) = -2*b**3 + 13*b**2 - 7*b. Let v be r(6). Let z be 65/10*18/(-3). What is the remainder when 47 is divided by 0 - (v/z - 318/39)?
7
Suppose -16*i = -18*i - 4, 2926 = 5*n - 3*i. Calculate the remainder when n is divided by 65.
64
Let n(c) be the first derivative of 23 + 38*c - 5/2*c**2. What is the remainder when n(7) is divided by 2?
1
Let s(l) = -9*l**3 - 2*l**2 - 6*l - 2. What is the remainder when 846 is divided by s(-1)?
10
Let x(h) = -h**2 - 44*h + 281. Let v be (-3 - (-627)/(-44))/((-3)/(-8)). What is the remainder when x(v) is divided by 32?
29
Let o(v) = 10*v + 26*v + 3*v - 31. Let b be o(5). Let d = -110 + b. What is the remainder when d is divided by 14?
12
Let i(w) = 6*w**2 - 37*w + 5. Let x be i(-4). Let u = x + -210. What is the remainder when 126 is divided by u?
9
Suppose 53 = -8*r + 1421. Suppose -3*j = 5*h - 112, -5*j + 2*h = -0*h - 135. What is the remainder when r is divided by j?
26
Let l(d) = -3*d + 10. Let a be l(2). Suppose z = -4*y - 0*y + 683, 0 = -a*z - 20. What is the remainder when y is divided by 35?
32
Let z(p) = 3*p**3 - 149*p**2 - 50*p + 173. What is the remainder when z(50) is divided by 3?
2
Suppose 17*w - 14*w = 9. Suppose w*n = 4*u + 121 + 185, -2*u = -5*n + 510. What is the remainder when n is divided by 35?
32
Suppose 0 = -12*m + 17*m - 90. Let c = m + -9. Calculate the remainder when 31 is divided by c.
4
Let b(m) = -m**3 + 10*m**2 - 7. Suppose 0 = -9*p + 10 + 53. Calculate the remainder when b(p) is divided by 48.
44
Suppose 5*j - 605 = -5*q, -14*q = -15*q - 5*j + 105. What is the remainder when q is divided by 41 - (2 + (-5)/1)?
37
Let z(j) = -366*j + 34401. What is the remainder when z(93) is divided by 39/(-2)*(-16)/6?
51
Let n = -11258 - -11371. What is the remainder when 357 is divided by n?
18
What is the remainder when -15 + -9 + 17688 - (-10 + 1) is divided by 35?
33
Let b(x) = 4*x**2. Let j be b(-1). Suppose -4*c + 28*c + 12*c = 0. Suppose -j*l + c*l = -152. What is the remainder when l is divided by 21?
17
Let x(p) = -p**2 + 19*p + 51. Let c(a) = -a**2 + 1. Let l(r) = c(r) + x(r). Let h be l(19). Let o = h - -452. Calculate the remainder when o is divided by 16.
15
What is the remainder when (-550375)/(-210) + 15/(-18) is divided by 57?
55
Let n(f) = 9*f**3 - 59*f**2 + 8*f - 19. Calculate the remainder when n(7) is divided by 13.
12
Suppose 5*q = 6*u - u + 65, q - 18 = 2*u. Suppose -q*h + 171 = 51. What is the remainder when 89 is divided by h?
14
Let g(j) = -2*j**2 - 16*j - 9. Let u be g(-7). Let a(x) = 16*x**3 - 3*x**2 + 7. Let l be a(u). Calculate the remainder when (24/14)/(24/l) is divided by 35.
33
Let j = -29 - -34. Suppose -449 = -j*v - 354. Suppose 5*b + 33 - 393 = 0. Calculate the remainder when b is divided by v.
15
Suppose 0 = 2*p - p + 93. Let y be (-23650)/301 - (16/14)/(-2). Let l = y - p. What is the remainder when 163 is divided by l?
13
Let k be (-68)/85 - 26/5. Calculate the remainder when k + -4 + 364/7 is divided by 16.
10
Suppose -2*h + g = -h - 95, -3*h - 2*g + 270 = 0. Let j = -82 + h. What is the remainder when 149 is divided by j?
9
Let r = 11047 + -11020. Calculate the remainder when r is divided by 15.
12
Let n(k) = -2*k + 8. Let o be n(-6). Calculate the remainder when (108 - -4)/(-1 + 2) is divided by (1 - -2) + (o - 4).
17
Suppose 20 = -29*u + 194. Suppose -590 + 458 = -u*c. Calculate the remainder when 42 is divided by c.
20
Suppose -5*a - 3490 = -2*j, -9*j - 5*a = -5*j - 7040. Suppose 8*z - j = 629. What is the remainder when z is divided by 43?
40
Let m(c) = -16*c + 152. Let v(z) = -z + 9. Let t(s) = 6*m(s) - 104*v(s). Calculate the remainder when t(11) is divided by 11.
9
Let t = -8343 - -8382. What is the remainder when t is divided by 29?
10
Let q be -37 + -10*(-4)/10. What is the remainder when 1/3 + (-1408)/q is divided by 22?
21
Suppose 3*p = -t + 32, 0 = -t + 4*t - 3*p - 36. Suppose w + 2*q - 167 = 0, 4*w - 136*q = -141*q + 695. What is the remainder when w is divided by t?
15
Calculate the remainder when (-3)/2*123140/(-564)*32/10 is divided by 258.
16
Let v(p) = 38*p - 86. Let c be v(-11). Let k = -492 - c. What is the remainder when 57 is divided by k?
9
Suppose -5*g + 0*g + 275 = 0. Let j = 152 - 47. Suppose 5*v + 2*c = j, -2*v + 2*c = -10 - 18. What is the remainder when g is divided by v?
17
Suppose 0 = -5*k - 4*n + 215, -10*k - 79 = -12*k - 3*n. Calculate the remainder when 18750 is divided by k.
44
Suppose 0 = -4*p - 178 - 1054. Let a = 742 + p. Suppose 2*n = -5*f + a, 2*f + 2*f + 4*n - 352 = 0. What is the remainder when f is divided by 15?
11
Let m = 285 - 155. Calculate the remainder when -2*(-21)/(-12)*(-3 + -13) is divided by -1 + m/5 + -4.
14
Let z(d) = 3*d**2 - 16*d + 2. Let t be 1/(8/60) + (-2)/4. What is the remainder when 72 is divided by z(t)?
35
Let a = -412 - -494. Let q = 65 + a. What is the remainder when q is divided by 25?
22
Let x = 22189 - 21966. Calculate the remainder when 461 is divided by x.
15
Suppose 4*p - 610 - 1094 = 0. Calculate the remainder when p is divided by 86.
82
Suppose 7*z = 2*z + 55. Let u(p) = -48*p + 4160. Calculate the remainder when u(85) is divided by z.
3
Let u = 6412 - 5963. Calculate the remainder when u is divided by 441.
8
Let i = 32 + -18. Calculate the remainder when -4 - ((-745)/10 - (-3)/6) is divided by ((-36)/i)/(2/(-14)).
16
Let j = -72 - -124. Let q = j - 36. Suppose q = 3*r - 29. What is the remainder when 26 is divided by r?
11
Let x be 9/(5 - (0 + 4)). Let i = 29 + x. Suppose -3*s + 116 - i = 0. What is the remainder when 75 is divided by s?
23
Let y = 105 - 149. What is the remainder when y/5*(-1 + 14/(-1)) is divided by 36?
24
Let y = 12 + -7. Let a(m) = -14*m + 299. Let z be a(17). Let r = -55 + z. What is the remainder when r is divided by y?
1
Suppose -5*j - 3*c - 95 = 0, 0 = -0*j - 4*j + 4*c - 76. Let k = 4 - j. What is the remainder when 64 is divided by k?
18
Suppose -d = -v + 162, 30*d + 478 = 3*v + 31*d. Calculate the remainder when 242 is divided by ((-27)/(-4) - 0)/(30/v).
26
Calculate the remainder when -16 - 4432/(-48)*3 is divided by 101.
59
Suppose 4*b - 1101 = -3*j, 0 = -14*b + 15*b - 4*j - 242. What is the remainder when 301 is divided by b?
31
Let m(d) = -597*d + 3664. What is the remainder when m(5) is divided by 142?
111
Suppose -u - 13 = -5*h, -4*u - h + 11 = -0*u. Suppose -4*i = -2*l + 42, u*l - 45 = 4*i + i. What is the remainder when 51 is divided by l?
6
Let j(b) = -b**2 - 3*b + 7. Let m be ((-48)/72)/(1/6)*1. Suppose 36 = -0*z + 2*z. What is the remainder when z is divided by j(m)?
0
Let b(o) = -o**2 - 40*o + 53. Let n be b(-41). What is the remainder when (54/n)/((-628)/128 - -5) is divided by 19?
10
Suppose 60*a + 100416 = 156*a. What is the remainder when a is divided by 155?
116
Let z = 181 - 165. Suppose g = 4*n - 2*n + 14, 2*g + 2*n - z = 0. Calculate the remainder when 418 is divided by g.
8
Let l = 40 